).
350
Let b(o) = -o**3 + 34*o**2 + 9*o - 106. Determine b(34).
200
Let b(l) = 11425*l + 22852. Calculate b(-2).
2
Let q(r) = -110*r + 1523. What is q(15)?
-127
Let o(b) = -55*b**2 + 763*b + 47. Give o(14).
-51
Let f(r) = -34*r**2 + 545*r + 12. Give f(16).
28
Let i(r) = -26*r**2 - 13*r - 1. Give i(-2).
-79
Let v(b) = -5*b**3 + 10*b**2 + 46*b - 1. What is v(4)?
23
Let w(r) = -16*r - 136. What is w(-10)?
24
Let x(l) = 3*l**3 - 21*l**2 - 6*l + 25. Give x(7).
-17
Let y(t) = -272*t - 9802. Calculate y(-36).
-10
Let c(v) = 379*v - 2648. Give c(7).
5
Let h(f) = -2*f**2 - 208*f - 770. Determine h(-100).
30
Let b(h) = -h**2 - 45*h + 466. What is b(-53)?
42
Let q(m) = 468*m - 1393. Give q(3).
11
Let q(z) = -355*z - 1786. What is q(-5)?
-11
Let s(b) = 109*b + 749. What is s(-7)?
-14
Let b(x) = -8*x**2 + 79*x - 165. Calculate b(7).
-4
Let u(h) = -2*h**3 + 5*h**2 + 70*h - 151. Calculate u(2).
-7
Let g(t) = 206*t - 3901. Calculate g(19).
13
Let k(v) = -47*v - 1122. What is k(-24)?
6
Let n(d) = d**3 - 29*d**2 - 114*d + 582. Determine n(32).
6
Let w(k) = -233*k + 245. What is w(1)?
12
Let w(k) = k**2 + 83*k + 1456. Determine w(-58).
6
Let b(d) = 2*d**3 - 8*d**2 - 3*d + 112. Determine b(8).
600
Let p(b) = 8*b**2 - 587*b + 140. Calculate p(73).
-79
Let u(d) = 63*d + 13. Calculate u(3).
202
Let y(w) = -117*w**2 + 18*w - 17. Determine y(1).
-116
Let o(r) = -20*r + 65. Determine o(10).
-135
Let p(z) = -z**2 + 1213*z - 7235. Give p(6).
7
Let r(g) = g**2 + 71*g + 1122. Give r(-47).
-6
Let l(w) = 5*w**2 - 266*w + 43. Determine l(53).
-10
Let k(n) = -7*n**2 - 589*n - 84. Determine k(-84).
0
Let w(x) = -x**2 + 7*x - 29. What is w(5)?
-19
Let d(b) = -b - 73. Determine d(-3).
-70
Let k(n) = 907*n + 6350. Give k(-7).
1
Let q(u) = 2*u**2 - 69*u - 2509. Calculate q(-22).
-23
Let z(s) = 220*s - 1096. Calculate z(5).
4
Let h(m) = -m**2 + 47*m + 216. Determine h(47).
216
Let l(q) = -2888*q + 2894. What is l(1)?
6
Let a(d) = 8*d**2 - 389*d + 3310. Give a(11).
-1
Let k(g) = -3*g + 63. Determine k(-9).
90
Let n(p) = 40*p - 418. Give n(11).
22
Let t(z) = -60*z - 144. Determine t(-2).
-24
Let l(w) = 3*w**2 - 317*w + 218. Give l(105).
8
Let w(t) = -2*t**3 + 67*t**2 + 302*t - 1586. Calculate w(37).
5
Let c(w) = -3109*w - 24859. Give c(-8).
13
Let w(f) = -154*f + 696. Determine w(5).
-74
Let r(s) = -439*s + 2319. Determine r(5).
124
Let x(d) = d**3 - 72*d**2 - 211*d - 1046. Give x(75).
4
Let r(i) = -10*i - 16. Calculate r(2).
-36
Let s(h) = 140*h + 69. Give s(-1).
-71
Let g(u) = 49*u + 611. What is g(-13)?
-26
Let r(t) = 607*t + 37620. Calculate r(-62).
-14
Let f(b) = b**3 - 67*b**2 - 61*b - 495. Give f(68).
-19
Let t(u) = 3*u**3 - 214*u**2 + 70*u + 55. Calculate t(71).
-16
Let x(r) = -51*r - 308. Calculate x(-8).
100
Let x(j) = -2*j**2 + 135*j + 759. Give x(69).
552
Let z(w) = -2*w**3 - 64*w**2 + 136*w + 39. Determine z(-34).
39
Let g(s) = -s**2 - 149*s + 2573. Determine g(17).
-249
Let c(y) = 1313*y - 7873. What is c(6)?
5
Let o(g) = 2*g**2 - 26*g - 84. What is o(24)?
444
Let t(q) = -33*q - 85. Calculate t(6).
-283
Let m(f) = -1431*f - 37179. Give m(-26).
27
Let k(q) = 19*q + 1860. Calculate k(-96).
36
Let m(g) = g**2 + 1358*g - 8233. Calculate m(6).
-49
Let h(w) = -9*w - 218. Give h(-15).
-83
Let v(d) = 3*d**3 + 2*d**2 + 3*d - 17. Determine v(2).
21
Let m(t) = -t**3 - 7*t**2 + 6*t + 75. Determine m(-6).
3
Let d(a) = a**3 - 20*a**2 - 26*a - 130. Calculate d(22).
266
Let y(o) = -o**3 - 185*o**2 - 550*o - 719. Calculate y(-182).
9
Let x(r) = -r**2 - 43*r - 262. Calculate x(-7).
-10
Let r(h) = h**3 + 12*h**2 - 96*h - 1160. What is r(-10)?
0
Let j(d) = d**3 - 7*d**2 + 52*d - 811. Determine j(10).
9
Let g(l) = -9*l**2 - 301*l + 469. Determine g(-35).
-21
Let o(w) = 373*w - 32. Calculate o(1).
341
Let h(a) = -116*a - 1919. Give h(-15).
-179
Let i(v) = 605*v - 18761. Determine i(31).
-6
Let o(m) = 2309*m + 23133. Give o(-10).
43
Let u(d) = 3*d**2 - 130*d + 878. Give u(35).
3
Let v(b) = -1171*b - 3517. Calculate v(-3).
-4
Let o(q) = q**3 + 5*q**2 + 11*q + 87. Calculate o(-5).
32
Let y(l) = -1995*l - 90. Calculate y(0).
-90
Let d(q) = -9*q**2 - 48*q + 208. Give d(5).
-257
Let f(i) = 362*i + 9053. Determine f(-25).
3
Let y(i) = 658*i - 8545. Calculate y(13).
9
Let h(z) = -3*z**3 - 19*z**2 - 27*z - 4. What is h(-6)?
122
Let y(v) = v**2 - 1099*v - 3292. Determine y(-3).
14
Let l(v) = 297*v - 21722. Give l(73).
-41
Let d(u) = 4*u - 93. Give d(13).
-41
Let t(z) = -264*z - 2103. Determine t(-8).
9
Let i(u) = u**3 - 59*u**2 + 55*u + 41. What is i(58)?
-133
Let j(g) = -493*g - 15786. Determine j(-32).
-10
Let r(y) = 7*y - 169. Calculate r(39).
104
Let k(d) = -13*d + 119. What is k(15)?
-76
Let w(a) = 2*a**2 - 5*a - 744. Give w(-18).
-6
Let d(f) = 109*f + 317. Give d(-3).
-10
Let k(m) = -5*m**2 + 50*m - 184. Calculate k(6).
-64
Let h(j) = -52*j + 9090. Calculate h(175).
-10
Let t(u) = -3049*u - 15244. Determine t(-5).
1
Let m(b) = b**3 + 9*b**2 + 20*b + 288. Calculate m(-10).
-12
Let u(d) = -22*d + 143. Give u(14).
-165
Let a(g) = -g**3 + 15*g**2 - 18*g - 10. Determine a(2).
6
Let p(v) = -28*v - 149. Calculate p(-5).
-9
Let p(b) = 612*b - 2820. Determine p(4).
-372
Let q(s) = -303*s + 3957. Calculate q(13).
18
Let n(x) = x**3 + 20*x**2 + 49. Give n(-20).
49
Let w(y) = 5*y**2 + 80*y + 78. Determine w(-15).
3
Let u(n) = -41*n - 685. Give u(-15).
-70
Let f(r) = -384*r - 1606. Give f(-4).
-70
Let h(s) = s**3 - 77*s**2 + 451*s - 460. Determine h(5).
-5
Let c(i) = -i**3 + 22*i**2 + 15*i + 199. Determine c(23).
15
Let z(a) = a**3 + 5*a**2 - 31*a - 63. Give z(-8).
-7
Let k(f) = -186*f - 1237. Give k(-10).
623
Let r(q) = -q**3 - 7*q**2 + 6*q - 5. Give r(2).
-29
Let y(f) = -2*f**3 - 32*f**2 - 9*f - 39. Calculate y(-16).
105
Let y(t) = 3*t**2 - 88*t + 165. What is y(2)?
1
Let l(i) = 99*i - 1481. What is l(15)?
4
Let y(i) = 2*i**2 - 130*i - 3. Calculate y(66).
129
Let z(a) = -1125*a - 4506. What is z(-4)?
-6
Let c(r) = 19*r**3 + 188*r - 187. Give c(1).
20
Let j(g) = -g**3 - 45*g**2 + 35*g - 46. Calculate j(-46).
460
Let y(k) = -18*k - 88. Give y(7).
-214
Let o(l) = -29*l**3 + 3*l**2 - l - 4. Determine o(1).
-31
Let a(b) = 17*b + 357. What is a(-19)?
34
Let c(x) = 1231*x - 1235. Calculate c(1).
-4
Let d(t) = -4*t**2 - 173*t - 174. Give d(-1).
-5
Let m(o) = 12*o**3 - 33*o**2 - o - 9. Give m(5).
661
Let a(g) = -g**3 + 3*g**2 + 267*g - 1968. What is a(11)?
1
Let w(x) = 7*x - 26. Give w(-24).
-194
Let r(a) = 3*a**2 + 22*a - 80. Calculate r(4).
56
Let p(y) = -46*y - 12. What is p(-3)?
126
Let r(v) = 5*v**3 + 213*v**2 - 85*v + 53. Determine r(-43).
10
Let u(m) = 78*m - 593. What is u(10)?
187
Let l(a) = -2*a**3 - 62*a**2 - 2*a + 50. Give l(-31).
112
Let h(u) = -6*u**2 + 106*u - 466. Calculate h(10).
-6
Let r(j) = j**2 + 7*j + 36. Calculate r(-5).
26
Let i(x) = -x**2 - 153*x - 590. Calculate i(-4).
6
Let f(p) = -15*p - 393. Calculate f(-12).
-213
Let z(h) = -h**3 + 8*h**2 - 543*h + 4353. What is z(8)?
9
Let z(f) = -5*f**2 + 37*f - 155. Give z(5).
-95
Let p(v) = 2*v**2 + 221*v + 641. Give p(-3).
-4
Let t(u) = 3*u**3 + 41*u**2 - 12*u - 518. Calculate t(-13).
-24
Let l(y) = 879*y - 934. Give l(1).
-55
Let c(z) = -413*z**2 + 815*z + 17. Calculate c(2).
-5
Let y(c) = -25*c - 1079. What is y(-42)?
-29
Let o(p) = -116*p - 589. Determine o(-5).
-9
Let k(o) = -o**3 - 32*o**2 - 119*o - 201. What is k(-28)?
-5
Let u(o) = -o**3 + 22*o**2 - 37*o + 5. Calculate u(20).
65
Let w(j) = -58*j**2 + 14*j + 18. Calculate w(-1).
-54
Let b(w) = -58*w + 1162. What is b(20)?
2
Let x(j) = -2*j**2 - 12*j + 241. Give x(9).
-29
Let r(q) = 10501*q + 63002. Give r(-6).
-4
Let h(a) = 5*a**2 + 391*a - 9131. Give h(-97).
-13
Let c(n) = -3*n**2 + 42*n - 38. Calculate c(9).
97
Let y(q) = -q**3 + 16*q**2 - 45*q - 195. Determine y(13).
-273
Let l(v) = 4*v + 292. Give l(-61).
48
Let i(v) = -177*v - 1044. Determine i(-6).
18
Let k(a) = 2*a**3 - 3*a**2 - 11*a + 40. Determine k(3).
34
Let w(g) = 5*g**2 - 204*g - 141. What is w(41)?
-100
Let x(a) = a**2 + 8358*a + 33398. Calculate x(-4).
-18
Let j(y) = -20*y + 224. Determine j(13).
-36
Let l(o) = -58*o + 1666. Calculate l(29).
-16
Let c(j) = -j**3 + 2*j**2 + 15*j + 2. Calculate c(-3).
2
Let l(j) = -j**2 + 765*j + 27163. Determine l(-34).
-3
Let n(a) = 3*a + 36. Give n(-8).
12
Let i(a) = -134*a**2 - 7*a - 9. 